79
What is the highest common factor of 108 and 22716?
36
Calculate the highest common divisor of 52 and 845.
13
What is the greatest common divisor of 4189 and 142?
71
Calculate the highest common divisor of 15 and 16080.
15
What is the greatest common factor of 16 and 34864?
16
Calculate the highest common factor of 30 and 945.
15
Calculate the greatest common divisor of 880 and 40.
40
What is the greatest common divisor of 158 and 2370?
158
Calculate the greatest common factor of 1219 and 207.
23
What is the greatest common factor of 227 and 5?
1
Calculate the highest common divisor of 24 and 5232.
24
Calculate the greatest common divisor of 30 and 12270.
30
What is the greatest common divisor of 143 and 11?
11
What is the greatest common factor of 2720 and 34?
34
Calculate the greatest common factor of 16 and 42.
2
Calculate the highest common divisor of 50 and 40.
10
Calculate the greatest common factor of 200 and 80.
40
Calculate the greatest common divisor of 2623 and 43.
43
Calculate the highest common divisor of 581 and 747.
83
Calculate the highest common divisor of 963 and 81.
9
Calculate the greatest common divisor of 33 and 9.
3
What is the highest common factor of 4 and 21596?
4
What is the greatest common divisor of 1462 and 172?
86
What is the highest common divisor of 12318 and 12?
6
Calculate the highest common factor of 168 and 378.
42
Calculate the highest common factor of 253 and 1199.
11
What is the highest common factor of 35 and 1407?
7
Calculate the highest common divisor of 129 and 43.
43
What is the greatest common factor of 48 and 174?
6
What is the highest common factor of 750 and 3350?
50
Calculate the highest common divisor of 48 and 912.
48
Calculate the highest common factor of 33 and 275.
11
Calculate the highest common divisor of 40981 and 107.
107
What is the highest common factor of 112 and 1008?
112
What is the greatest common factor of 180 and 600?
60
What is the greatest common factor of 2 and 226?
2
Calculate the greatest common divisor of 48 and 4848.
48
Calculate the highest common divisor of 935 and 10.
5
Calculate the highest common factor of 6 and 104.
2
What is the greatest common factor of 155 and 2635?
155
Calculate the greatest common divisor of 171 and 361.
19
What is the greatest common divisor of 754 and 13?
13
Calculate the greatest common divisor of 140 and 2807.
7
What is the greatest common factor of 20 and 17?
1
Calculate the greatest common divisor of 18 and 930.
6
What is the greatest common divisor of 229 and 114958?
229
Calculate the greatest common divisor of 632 and 496.
8
Calculate the highest common divisor of 854 and 61.
61
What is the highest common factor of 28386 and 90?
18
What is the highest common divisor of 286 and 308?
22
Calculate the highest common divisor of 4808 and 24.
8
What is the highest common divisor of 16 and 600?
8
Calculate the highest common factor of 3 and 16.
1
Calculate the highest common divisor of 32 and 160.
32
Calculate the highest common factor of 11 and 517.
11
Calculate the highest common factor of 42 and 1659.
21
Calculate the greatest common divisor of 5 and 295.
5
What is the greatest common divisor of 45 and 441?
9
What is the highest common divisor of 145 and 174?
29
Calculate the highest common factor of 774 and 18.
18
What is the highest common factor of 4636 and 76?
76
What is the greatest common factor of 212 and 1007?
53
What is the highest common divisor of 14 and 2674?
14
Calculate the highest common divisor of 4 and 14.
2
What is the highest common factor of 3450 and 5?
5
Calculate the highest common divisor of 2652 and 52.
52
What is the highest common factor of 928 and 96?
32
What is the highest common divisor of 816 and 1479?
51
What is the greatest common divisor of 171 and 627?
57
What is the highest common divisor of 2679 and 741?
57
Calculate the greatest common factor of 80 and 270.
10
What is the greatest common factor of 35 and 63?
7
What is the greatest common divisor of 88 and 55?
11
Calculate the highest common divisor of 1261 and 97.
97
What is the highest common divisor of 60 and 225?
15
What is the highest common divisor of 44 and 668?
4
What is the greatest common divisor of 1460 and 250?
10
What is the highest common factor of 50 and 3000?
50
What is the greatest common divisor of 6768 and 1034?
94
What is the greatest common factor of 19 and 684?
19
Calculate the highest common factor of 15072 and 288.
96
What is the greatest common divisor of 93 and 6324?
93
Calculate the greatest common factor of 77 and 1232.
77
Calculate the greatest common factor of 4592 and 224.
112
What is the highest common divisor of 16 and 4?
4
Calculate the highest common divisor of 2120 and 80.
40
Calculate the greatest common divisor of 25 and 35.
5
Calculate the highest common factor of 3875 and 62.
31
What is the greatest common divisor of 56 and 1666?
14
What is the greatest common factor of 1573 and 13?
13
What is the highest common divisor of 76 and 19?
19
What is the greatest common divisor of 1 and 27?
1
What is the greatest common factor of 4956 and 1344?
84
Calculate the greatest common divisor of 144 and 128.
16
What is the highest common divisor of 4228 and 28?
28
What is the greatest common factor of 351 and 39?
39
Calculate the highest common factor of 36 and 2148.
12
What is the greatest common factor of 22 and 10351?
11
Calculate the greatest common divisor of 70 and 21.
7
Calculate the highest common divisor of 25 and 265.
5
What is the greatest common factor of 2782 and 78?
26
What is the greatest common factor of 111 and 6993?
111
Calculate the highest common factor of 3401 and 19.
19
Calculate the greatest common divisor of 30330 and 45.
45
What is the highest common factor of 86802 and 17?
17
Calculate the highest common factor of 690 and 30.
30
Calculate the highest common divisor of 175 and 9.
1
What is the greatest common factor of 140 and 224?
28
What is the highest common divisor of 3468 and 3?
3
What is the greatest common factor of 30 and 16570?
10
Calculate the greatest common divisor of 17 and 527.
17
What is the highest common factor of 63 and 7?
7
What is the highest common factor of 1931 and 2?
1
Calculate the greatest common divisor of 33 and 4917.
33
Calculate the highest common factor of 728 and 312.
104
What is the greatest common divisor of 621 and 46?
23
What is the highest common divisor of 18 and 3195?
9
What is the highest common factor of 154 and 143?
11
Calculate the greatest common factor of 20 and 560.
20
What is the highest common factor of 77 and 56?
7
What is the greatest common factor of 11 and 935?
11
Calculate the greatest common divisor of 678 and 6.
6
Calculate the highest common factor of 99 and 9.
9
Calculate the highest common divisor of 2132 and 41.
41
Calculate the highest common factor of 72 and 3573.
9
What is the highest common factor of 38645 and 1180?
295
Calculate the greatest common divisor of 1445 and 85.
85
Calculate the greatest common factor of 50 and 90.
10
What is the highest common divisor of 195 and 30?
15
Calculate the highest common factor of 27 and 144.
9
Calculate the greatest common factor of 9 and 549.
9
What is the greatest common divisor of 483 and 69?
69
Calculate the highest common factor of 713 and 4393.
23
Calculate the greatest common divisor of 50 and 475.
25
Calculate the greatest common factor of 210 and 12264.
42
Calculate the greatest common factor of 296 and 24.
8
What is the highest common factor of 208 and 36?
4
What is the greatest common divisor of 2950 and 50?
50
What is the highest common divisor of 130 and 6890?
130
What is the greatest common divisor of 24 and 984?
24
What is the highest common factor of 2530 and 2070?
230
Calculate the highest common factor of 15 and 1590.
15
Calculate the greatest common factor of 95 and 323.
19
Calculate the greatest common divisor of 26 and 1612.
26
Calculate the highest common divisor of 7448 and 49.
49
What is the greatest common factor of 36 and 2340?
36
What is the greatest common divisor of 25 and 1175?
25
What is the highest common divisor of 8364 and 82?
82
Calculate the highest common factor of 2260 and 560.
20
Calculate the greatest common divisor of 52 and 6604.
52
What is the greatest 